site?
False
Let q(h) = -15*h**3 - 4*h**2 - 2*h - 4. Suppose 13 = f + 16. Is q(f) a prime number?
False
Let f(z) = 23*z**2 + 2*z - 14. Suppose -4*u + 24 = 4*m, -3*u - 2*m + 0*m = -19. Let t be f(u). Let n = t + -649. Is n a composite number?
True
Let a be 2/(-3) - (-17)/3. Let v(t) = 6*t**3 - 8*t**2 + 8*t - 4. Let x be v(a). Let y = x + -251. Is y a composite number?
True
Let c = 18 - 17. Is (-903)/(-7) + 2*c a prime number?
True
Let s(i) = 16*i**2 - 6*i - 11. Suppose -6*d + 42 = -0. Is s(d) composite?
True
Let q(a) = 45*a**2 - 2*a - 1. Let r be q(2). Let m = 1 - -3. Suppose -m*y + r = y. Is y a composite number?
True
Let w = 33 + -29. Suppose -3*z + z + i = -8, w*i = 3*z - 12. Is 161 - (z - 0 - 6) composite?
False
Let d(l) = 4*l**2 + 3*l - 3. Let q be -4 + 3 + (-33)/(-3). Let h = -8 + q. Is d(h) prime?
True
Let c be 4/(-3*4/(-30)). Let s = c + -16. Is (-4)/2 - (s + -27) a composite number?
False
Suppose 3*w - 7*w - 10 = 5*j, -1 = -3*j - w. Suppose 3*v + 5*d = 4*d + 2001, 5*d = -j*v + 1334. Is v composite?
True
Let i(t) = 329*t**2 - 4*t - 2. Suppose -5*q + 4*a + 15 = 0, 0 = q - 3*a - 8 - 6. Is i(q) prime?
True
Suppose -4*f + 12 = -8*f - 5*l, l + 4 = 0. Suppose f*n + 2*v + 848 = 4*n, 0 = 2*n - 5*v - 854. Is n a composite number?
True
Is (11821/(-7))/(15/(-105)) prime?
True
Let l = -1112 + 8456. Let k = 11735 - l. Is k a composite number?
False
Is (-1)/(-3)*(46473 + (3 - -3)) prime?
True
Let b be 15/(-2 - 1)*1. Let p(n) = 13*n**2 + 10*n**2 + 8*n + 8 + 0*n**2 - 6*n**2. Is p(b) a prime number?
False
Let d(z) = 852*z + 199. Is d(20) prime?
True
Suppose -4*d + 1616 = 444. Let u = -106 + d. Suppose -5*y - 32 = -u. Is y a prime number?
True
Suppose -1678 = -4*t + 3918. Is t a prime number?
True
Suppose -14 = -0*b - 3*b + 4*t, 4*t = -8. Suppose 4*m + 1099 + 729 = 4*s, 2*s = -b*m + 894. Let z = 859 - s. Is z a composite number?
True
Let r = -633 + 1637. Suppose r = x + 3*x. Is x composite?
False
Let o(f) = -f**2 - 9*f + 15. Let u be o(-19). Let p = u - -308. Is p composite?
True
Suppose k = -3*k + 16. Let g be (14 - 6) + 16/(-4 + 0). Suppose 0 = -k*l + 3*d + 376, 3*l - g*l - 4*d = -75. Is l composite?
True
Is (-27)/(-18)*4456/4 composite?
True
Suppose -3*m = 12, -4*u + 3*m + 8533 = -1123. Is u a composite number?
False
Let t be (-90)/(-8) - 8/32. Let c(a) = -72*a**2 - 6*a - 1. Let l(u) = 215*u**2 + 17*u + 3. Let z(h) = t*c(h) + 4*l(h). Is z(-2) a composite number?
False
Let w(p) = -8*p - 26*p + 10*p - 29*p - 11. Is w(-6) a prime number?
True
Let n(a) = -718*a - 65. Is n(-21) prime?
True
Let d = 320 - 98. Suppose -1497 - d = -9*l. Is l prime?
True
Let u(v) = 2*v**3 + 36*v**2 - 35*v + 10. Let c be u(-19). Let g(j) = j**3 - 6*j**2 - 8*j + 4. Let o be g(8). Let t = c + o. Is t a prime number?
False
Let s be 1 - -2 - (4 + -3). Let g be 11/s - (-18)/(-12). Suppose -2*h + 846 = 2*h - 2*k, -g*h + 843 = k. Is h a prime number?
True
Let u(k) be the third derivative of 101/8*k**4 + 0 + 0*k - 7*k**2 + 0*k**3. Is u(1) prime?
False
Let d(j) = -371*j + 551*j + 848*j - 3. Is d(2) a prime number?
True
Is 7 + -7 + 5 - -13458 prime?
True
Let w be 4/(-12) - 4071/(-9). Suppose 0 = 3*r + w - 4535. Is r prime?
True
Let w be (72/16)/((-3)/(-4)). Suppose -4*t + 46 = w. Suppose -t*m + 7*m + 63 = 0. Is m prime?
False
Suppose -4*c - 5*c + 5274 = 0. Suppose 2697 + c = 7*s. Is s a prime number?
False
Let l(a) be the second derivative of a**4/6 - 7*a**3/3 - 9*a**2/2 + 3*a. Is l(-10) a composite number?
False
Suppose 5*b - 30 = 5. Let x be ((-12)/(-15))/(b/(-245)). Is 7/x - 4845/(-4) a prime number?
False
Is (-2)/(-12) - 177599/(-186) a composite number?
True
Suppose 806 = 3*q - 1528. Suppose 3*t - 143 = q. Is (-2)/(-2 + 612/t) prime?
True
Let n = 1 - -2. Let a(t) = 0*t - 8*t**2 - 4 - 5*t + 13*t**2 - n*t**2. Is a(-9) composite?
True
Let v = 32682 + -20049. Is v prime?
False
Let u = -940 - 165. Let h = -634 - u. Is h a prime number?
False
Let m(n) = 50*n + 28. Let z be (17/(-2))/(4/(-8)). Is m(z) prime?
False
Let x = 1441 + 528. Is x a composite number?
True
Let l be ((-8)/(-12))/((-1)/(-18)). Suppose 3*r - l = -0. Suppose 3*z - 618 = -3*p, 0*z + r*z = p - 221. Is p a prime number?
False
Is (-123459)/(-12) - 12/(-16) prime?
True
Let a(l) = 11*l**3 - 8*l**2 - 5*l - 5. Is a(6) a prime number?
True
Suppose -4*w + 22942 = -3*s, w + s = 2*s + 5735. Is w prime?
True
Suppose -4*y + 3*n + 27995 = 0, 20995 = -2*y + 5*y - 2*n. Is y a composite number?
True
Let n = 198887 + -70508. Is n a composite number?
True
Is (-13670)/(-35) - (-18)/42 a prime number?
False
Let u = 3244 - 833. Is u a composite number?
False
Let i(p) = -p**3 - 3*p**2 - 2*p. Let w be i(-2). Suppose -5*h - 15 = w, 1262 + 1858 = z - h. Is z composite?
True
Let k be (40/12)/((-4)/54). Let j = 11 + k. Is (-16766)/j + (-2)/17 a composite number?
True
Let b = 14166 + -5137. Is b a composite number?
False
Suppose -2642 + 973 = -b. Is b a prime number?
True
Let k be -2 - (-1)/(4/(-32)). Let o(c) = 4*c**3 + 9*c**2 + 4*c + 9. Let t(i) = i**3 - i**2 + i. Let s(f) = o(f) - 3*t(f). Is s(k) prime?
True
Let t be 14/((-4)/5520*-2). Suppose -6*k + t = -k. Let o = -781 + k. Is o a prime number?
True
Let n(x) = 37*x**2 + x - 5. Let v be n(3). Suppose z = 5*m - 21, -2*m - 8 = -6*m + 3*z. Suppose m*u = v + 14. Is u a composite number?
True
Is (-3)/((-78)/345683)*2 a prime number?
True
Let j = 4 - 4. Let o be (-3 + 0)/(-1 + j). Suppose -2*w = o*w - 890. Is w a prime number?
False
Let z(u) = 194*u + 407. Is z(28) a composite number?
False
Let i = -680 + 8319. Is i a prime number?
True
Suppose -4*r + r - m + 8692 = 0, 0 = -r + 5*m + 2892. Is r a prime number?
True
Let k be 6/(-3)*-535*3. Let c = k - -635. Is c composite?
True
Let h(g) be the second derivative of g**5/5 - g**4/6 - 2*g**3/3 + 5*g**2/2 + 19*g. Is h(3) a prime number?
True
Let f(s) = 115*s + 91*s - 5 + 2 - 76*s. Is f(1) prime?
True
Let l = -27 - -80. Let x = -82 - -326. Let g = x - l. Is g a prime number?
True
Let b(f) = 17*f**2 + 4*f - 1. Suppose -3*x + 9 = -0*x. Let w be b(x). Is w/(-2)*(-10 + 9) a prime number?
False
Let k(q) = -185*q + 87. Is k(-8) prime?
True
Suppose -2*s + 336 = 3*p, -3*s + 5*p + 650 = s. Let z = -280 - -487. Suppose 4*q - z = s. Is q prime?
False
Let m be (10/(-3))/((-3)/(-144)). Suppose -3*s = -8*s - 3*f - 1642, 0 = -5*s - 5*f - 1640. Let p = m - s. Is p a composite number?
True
Suppose 0 = -174*f + 170*f + 4044. Is f composite?
True
Let t(q) = 82*q**2 - 32*q + 61. Is t(9) composite?
True
Let i(h) = h**2 - h + 1. Let z be i(2). Suppose 0 = v + z, 0*c + 880 = c - v. Is c a composite number?
False
Suppose 21 = 5*v - 2*g + 61, -4*v = g + 19. Let c(d) = -2 + 2 + d**2 + 4*d**2 - 1 + 8*d. Is c(v) composite?
False
Let o(a) be the second derivative of a**7/140 + 11*a**6/720 - a**5/20 + a**4/12 + 7*a. Let m(w) be the third derivative of o(w). Is m(-5) composite?
False
Let x be ((-1800)/9)/(4/6). Let v = 446 + x. Is v a composite number?
True
Let k(p) = 216*p**2 - 7*p - 7. Is k(4) composite?
True
Is 11285 + ((-8)/(-4) + -4)*1 prime?
False
Let b(r) = 7*r**2 + 3*r + 1. Suppose 0*t + 2*j + 3 = t, 0 = 3*t + 2*j + 23. Is b(t) a prime number?
False
Let d(f) = 3*f**3 - 4*f**2 - 3*f - 9. Suppose 23 = 3*t - 5*a - 12, -4*t = 2*a - 12. Is d(t) a composite number?
False
Let j = -82613 - -116824. Is j a prime number?
True
Suppose -240*o + 246*o - 112146 = 0. Is o a prime number?
True
Let x(l) = -75*l + 8. Let z(a) = -a**2 + 2*a + 12. Let s be z(5). Let i(r) = 76*r - 9. Let p(y) = s*x(y) - 4*i(y). Is p(-5) composite?
True
Let m = -3550 - -1721. Is m/(-6) + 17/102 composite?
True
Suppose -a + 536 = 4*g, 0 = -0*g - 3*g. Let d = 834 - a. Is d prime?
False
Is (-16)/(-40)*(-16105)/(-2) a composite number?
False
Let p(w) = w**2 + 11*w - 14. Let v be p(-12). Let o be 2*(6 + v) + -2. Is (-786)/9*(-27)/o a prime number?
False
Let v = 50 - 46. Suppose -5*n = -v*n + 2*m - 119, -131 = -n + m. Is n a prime number?
True
Let c = -48 + 53. Suppose c*v - 3510 = -0*b - 5*b, -1 = -b. Is v composite?
False
Let m = 5104 - 3039. Suppose -3*x - 3*g = -1215, 3*x = -2*x + 5*g + m. Is x a composite number?
False
Let i be 0/1 + 16*7. Suppose o + 138 = -4*t, -8*o + 6*o = 5*t + 171. Let d = i + t. Is d a composite number?
True
Suppose -5*k - 3055 = 53*i - 48*i, -5*i = -3*k + 3031. Let p be 4/(-6) - (-6566)/(-6).